{"id":803,"date":"2021-06-23T09:06:33","date_gmt":"2021-06-23T09:06:33","guid":{"rendered":"https:\/\/etsmanceau.fr\/?page_id=803"},"modified":"2024-06-19T12:58:31","modified_gmt":"2024-06-19T12:58:31","slug":"elementor-803","status":"publish","type":"page","link":"https:\/\/etsmanceau.fr\/?page_id=803","title":{"rendered":"Organisation"},"content":{"rendered":"\t\t<div data-elementor-type=\"wp-page\" data-elementor-id=\"803\" class=\"elementor elementor-803\">\n\t\t\t\t\t\t<section class=\"elementor-section elementor-top-section elementor-element elementor-element-1e9076a elementor-section-boxed elementor-section-height-default elementor-section-height-default\" data-id=\"1e9076a\" data-element_type=\"section\" data-e-type=\"section\" data-settings=\"{&quot;background_background&quot;:&quot;classic&quot;}\">\n\t\t\t\t\t\t\t<div class=\"elementor-background-overlay\"><\/div>\n\t\t\t\t\t\t\t<div class=\"elementor-container elementor-column-gap-default\">\n\t\t\t\t\t<div class=\"elementor-column elementor-col-100 elementor-top-column elementor-element elementor-element-be5719e\" data-id=\"be5719e\" data-element_type=\"column\" data-e-type=\"column\">\n\t\t\t<div class=\"elementor-widget-wrap elementor-element-populated\">\n\t\t\t\t\t\t<div class=\"elementor-element elementor-element-df97b0b elementor-widget elementor-widget-heading\" data-id=\"df97b0b\" data-element_type=\"widget\" data-e-type=\"widget\" data-widget_type=\"heading.default\">\n\t\t\t\t<div class=\"elementor-widget-container\">\n\t\t\t\t\t<h2 class=\"elementor-heading-title elementor-size-default\"><br>Organisation<\/h2>\t\t\t\t<\/div>\n\t\t\t\t<\/div>\n\t\t\t\t<div class=\"elementor-element elementor-element-ab860af elementor-widget__width-initial elementor-widget-tablet__width-initial elementor-widget elementor-widget-text-editor\" data-id=\"ab860af\" data-element_type=\"widget\" data-e-type=\"widget\" data-widget_type=\"text-editor.default\">\n\t\t\t\t<div class=\"elementor-widget-container\">\n\t\t\t\t\t\t\t\t\t<p><strong>La marchandise est stock\u00e9e sous temp\u00e9rature contr\u00f4l\u00e9e dans notre entrep\u00f4t comprenant 2 chambres froides dont une de m\u00fbrissement<\/strong><strong>.<\/strong><\/p>\n<p><strong>Nos installations r\u00e9pondent aux normes les plus strictes en mati\u00e8re de technologie pour une maturation de fruits maitris\u00e9e.<\/strong><\/p>\t\t\t\t\t\t\t\t<\/div>\n\t\t\t\t<\/div>\n\t\t\t\t\t<\/div>\n\t\t<\/div>\n\t\t\t\t\t<\/div>\n\t\t<\/section>\n\t\t\t\t<section class=\"elementor-section elementor-top-section elementor-element elementor-element-469b54f elementor-section-boxed elementor-section-height-default elementor-section-height-default\" data-id=\"469b54f\" data-element_type=\"section\" data-e-type=\"section\" data-settings=\"{&quot;background_background&quot;:&quot;slideshow&quot;,&quot;background_slideshow_gallery&quot;:[{&quot;id&quot;:997,&quot;url&quot;:&quot;http:\\\/\\\/etsmanceau.fr\\\/wp-content\\\/uploads\\\/2023\\\/10\\\/1696928007166-e1718801872322.jpg&quot;},{&quot;id&quot;:994,&quot;url&quot;:&quot;http:\\\/\\\/etsmanceau.fr\\\/wp-content\\\/uploads\\\/2023\\\/10\\\/1696928007120-e1718801801959.jpg&quot;},{&quot;id&quot;:1006,&quot;url&quot;:&quot;http:\\\/\\\/etsmanceau.fr\\\/wp-content\\\/uploads\\\/2023\\\/10\\\/1696928007120-bis-e1718801894120.jpg&quot;},{&quot;id&quot;:996,&quot;url&quot;:&quot;http:\\\/\\\/etsmanceau.fr\\\/wp-content\\\/uploads\\\/2023\\\/10\\\/1696928007152.jpg&quot;},{&quot;id&quot;:993,&quot;url&quot;:&quot;http:\\\/\\\/etsmanceau.fr\\\/wp-content\\\/uploads\\\/2023\\\/10\\\/1696928007102.jpg&quot;},{&quot;id&quot;:995,&quot;url&quot;:&quot;http:\\\/\\\/etsmanceau.fr\\\/wp-content\\\/uploads\\\/2023\\\/10\\\/1696928007135.jpg&quot;}],&quot;background_slideshow_slide_duration&quot;:3000,&quot;background_slideshow_loop&quot;:&quot;yes&quot;,&quot;background_slideshow_slide_transition&quot;:&quot;fade&quot;,&quot;background_slideshow_transition_duration&quot;:500}\">\n\t\t\t\t\t\t<div class=\"elementor-container elementor-column-gap-default\">\n\t\t\t\t\t<div class=\"elementor-column elementor-col-33 elementor-top-column elementor-element elementor-element-9ac1b8a\" data-id=\"9ac1b8a\" data-element_type=\"column\" data-e-type=\"column\">\n\t\t\t<div class=\"elementor-widget-wrap elementor-element-populated\">\n\t\t\t\t\t\t<div class=\"elementor-element elementor-element-94ac5ce elementor-widget__width-initial elementor-widget elementor-widget-spacer\" data-id=\"94ac5ce\" data-element_type=\"widget\" data-e-type=\"widget\" data-widget_type=\"spacer.default\">\n\t\t\t\t<div class=\"elementor-widget-container\">\n\t\t\t\t\t\t\t<div class=\"elementor-spacer\">\n\t\t\t<div class=\"elementor-spacer-inner\"><\/div>\n\t\t<\/div>\n\t\t\t\t\t\t<\/div>\n\t\t\t\t<\/div>\n\t\t\t\t<div class=\"elementor-element elementor-element-5a9ddd2 animated-slow elementor-widget-mobile__width-initial elementor-widget-tablet__width-initial elementor-invisible elementor-widget elementor-widget-text-editor\" data-id=\"5a9ddd2\" data-element_type=\"widget\" data-e-type=\"widget\" data-settings=\"{&quot;_animation&quot;:&quot;fadeInLeft&quot;}\" data-widget_type=\"text-editor.default\">\n\t\t\t\t<div class=\"elementor-widget-container\">\n\t\t\t\t\t\t\t\t\t<p><strong>ETS Manceau vous propose un service de livraison gr\u00e2ce \u00e0 sa propre flotte (poids lourds, fourgons,&#8230;) \u00e0 Cholet et ses environs (49, 85, 79).<\/strong><\/p><p><strong>Fort de notre exp\u00e9rience en fruits et l\u00e9gumes, notre \u00e9quipe vous accompagne de la prise de commande \u00e0 la livraison.<\/strong><\/p>\t\t\t\t\t\t\t\t<\/div>\n\t\t\t\t<\/div>\n\t\t\t\t\t<\/div>\n\t\t<\/div>\n\t\t\t\t<div class=\"elementor-column elementor-col-66 elementor-top-column elementor-element elementor-element-2a36e5e\" data-id=\"2a36e5e\" data-element_type=\"column\" data-e-type=\"column\">\n\t\t\t<div class=\"elementor-widget-wrap\">\n\t\t\t\t\t\t\t<\/div>\n\t\t<\/div>\n\t\t\t\t\t<\/div>\n\t\t<\/section>\n\t\t\t\t<\/div>\n\t\t","protected":false},"excerpt":{"rendered":"<p>Organisation La marchandise est stock\u00e9e sous temp\u00e9rature contr\u00f4l\u00e9e dans notre entrep\u00f4t comprenant 2 chambres froides dont une de m\u00fbrissement. Nos installations r\u00e9pondent aux normes les plus strictes en mati\u00e8re de technologie pour une maturation de fruits maitris\u00e9e. ETS Manceau vous propose un service de livraison gr\u00e2ce \u00e0 sa propre flotte (poids lourds, fourgons,&#8230;) \u00e0 Cholet [&hellip;]<\/p>\n","protected":false},"author":1,"featured_media":0,"parent":0,"menu_order":0,"comment_status":"closed","ping_status":"closed","template":"elementor_header_footer","meta":{"om_disable_all_campaigns":false,"_monsterinsights_skip_tracking":false,"_monsterinsights_sitenote_active":false,"_monsterinsights_sitenote_note":"","_monsterinsights_sitenote_category":0,"site-sidebar-layout":"no-sidebar","site-content-layout":"page-builder","ast-site-content-layout":"default","site-content-style":"default","site-sidebar-style":"default","ast-global-header-display":"","ast-banner-title-visibility":"","ast-main-header-display":"","ast-hfb-above-header-display":"","ast-hfb-below-header-display":"","ast-hfb-mobile-header-display":"","site-post-title":"disabled","ast-breadcrumbs-content":null,"ast-featured-img":"disabled","footer-sml-layout":null,"ast-disable-related-posts":"","theme-transparent-header-meta":"default","adv-header-id-meta":null,"stick-header-meta":null,"header-above-stick-meta":null,"header-main-stick-meta":null,"header-below-stick-meta":null,"astra-migrate-meta-layouts":"default","ast-page-background-enabled":"default","ast-page-background-meta":{"desktop":{"background-color":"var(--ast-global-color-4)","background-image":"","background-repeat":"repeat","background-position":"center center","background-size":"auto","background-attachment":"scroll","background-type":"","background-media":"","overlay-type":"","overlay-color":"","overlay-opacity":"","overlay-gradient":""},"tablet":{"background-color":"","background-image":"","background-repeat":"repeat","background-position":"center center","background-size":"auto","background-attachment":"scroll","background-type":"","background-media":"","overlay-type":"","overlay-color":"","overlay-opacity":"","overlay-gradient":""},"mobile":{"background-color":"","background-image":"","background-repeat":"repeat","background-position":"center center","background-size":"auto","background-attachment":"scroll","background-type":"","background-media":"","overlay-type":"","overlay-color":"","overlay-opacity":"","overlay-gradient":""}},"ast-content-background-meta":{"desktop":{"background-color":"var(--ast-global-color-5)","background-image":"","background-repeat":"repeat","background-position":"center center","background-size":"auto","background-attachment":"scroll","background-type":"","background-media":"","overlay-type":"","overlay-color":"","overlay-opacity":"","overlay-gradient":""},"tablet":{"background-color":"var(--ast-global-color-5)","background-image":"","background-repeat":"repeat","background-position":"center center","background-size":"auto","background-attachment":"scroll","background-type":"","background-media":"","overlay-type":"","overlay-color":"","overlay-opacity":"","overlay-gradient":""},"mobile":{"background-color":"var(--ast-global-color-5)","background-image":"","background-repeat":"repeat","background-position":"center center","background-size":"auto","background-attachment":"scroll","background-type":"","background-media":"","overlay-type":"","overlay-color":"","overlay-opacity":"","overlay-gradient":""}},"footnotes":""},"class_list":["post-803","page","type-page","status-publish","hentry"],"aioseo_notices":[],"yoast_head":"<!-- This site is optimized with the Yoast SEO plugin v27.5 - https:\/\/yoast.com\/product\/yoast-seo-wordpress\/ -->\n<title>Organisation | ETS Manceau<\/title>\n<meta name=\"robots\" content=\"index, follow, max-snippet:-1, max-image-preview:large, max-video-preview:-1\" \/>\n<link rel=\"canonical\" href=\"https:\/\/etsmanceau.fr\/?page_id=803\" \/>\n<meta property=\"og:locale\" content=\"fr_FR\" \/>\n<meta property=\"og:type\" content=\"article\" \/>\n<meta property=\"og:title\" content=\"Organisation | ETS Manceau\" \/>\n<meta property=\"og:description\" content=\"Organisation La marchandise est stock\u00e9e sous temp\u00e9rature contr\u00f4l\u00e9e dans notre entrep\u00f4t comprenant 2 chambres froides dont une de m\u00fbrissement. Nos installations r\u00e9pondent aux normes les plus strictes en mati\u00e8re de technologie pour une maturation de fruits maitris\u00e9e. ETS Manceau vous propose un service de livraison gr\u00e2ce \u00e0 sa propre flotte (poids lourds, fourgons,&#8230;) \u00e0 Cholet [&hellip;]\" \/>\n<meta property=\"og:url\" content=\"https:\/\/etsmanceau.fr\/?page_id=803\" \/>\n<meta property=\"og:site_name\" content=\"ETS Manceau\" \/>\n<meta property=\"article:modified_time\" content=\"2024-06-19T12:58:31+00:00\" \/>\n<meta name=\"twitter:card\" content=\"summary_large_image\" \/>\n<meta name=\"twitter:label1\" content=\"Dur\u00e9e de lecture estim\u00e9e\" \/>\n\t<meta name=\"twitter:data1\" content=\"1 minute\" \/>\n<script type=\"application\/ld+json\" class=\"yoast-schema-graph\">{\"@context\":\"https:\\\/\\\/schema.org\",\"@graph\":[{\"@type\":\"WebPage\",\"@id\":\"https:\\\/\\\/etsmanceau.fr\\\/?page_id=803\",\"url\":\"https:\\\/\\\/etsmanceau.fr\\\/?page_id=803\",\"name\":\"Organisation | ETS Manceau\",\"isPartOf\":{\"@id\":\"https:\\\/\\\/etsmanceau.fr\\\/#website\"},\"datePublished\":\"2021-06-23T09:06:33+00:00\",\"dateModified\":\"2024-06-19T12:58:31+00:00\",\"breadcrumb\":{\"@id\":\"https:\\\/\\\/etsmanceau.fr\\\/?page_id=803#breadcrumb\"},\"inLanguage\":\"fr-FR\",\"potentialAction\":[{\"@type\":\"ReadAction\",\"target\":[\"https:\\\/\\\/etsmanceau.fr\\\/?page_id=803\"]}]},{\"@type\":\"BreadcrumbList\",\"@id\":\"https:\\\/\\\/etsmanceau.fr\\\/?page_id=803#breadcrumb\",\"itemListElement\":[{\"@type\":\"ListItem\",\"position\":1,\"name\":\"Accueil\",\"item\":\"https:\\\/\\\/etsmanceau.fr\\\/\"},{\"@type\":\"ListItem\",\"position\":2,\"name\":\"Organisation\"}]},{\"@type\":\"WebSite\",\"@id\":\"https:\\\/\\\/etsmanceau.fr\\\/#website\",\"url\":\"https:\\\/\\\/etsmanceau.fr\\\/\",\"name\":\"Ets Manceau\",\"description\":\"Votre partenaire en fraicheur et qualit\u00e9.\",\"publisher\":{\"@id\":\"https:\\\/\\\/etsmanceau.fr\\\/#organization\"},\"potentialAction\":[{\"@type\":\"SearchAction\",\"target\":{\"@type\":\"EntryPoint\",\"urlTemplate\":\"https:\\\/\\\/etsmanceau.fr\\\/?s={search_term_string}\"},\"query-input\":{\"@type\":\"PropertyValueSpecification\",\"valueRequired\":true,\"valueName\":\"search_term_string\"}}],\"inLanguage\":\"fr-FR\"},{\"@type\":\"Organization\",\"@id\":\"https:\\\/\\\/etsmanceau.fr\\\/#organization\",\"name\":\"Ets Manceau\",\"url\":\"https:\\\/\\\/etsmanceau.fr\\\/\",\"logo\":{\"@type\":\"ImageObject\",\"inLanguage\":\"fr-FR\",\"@id\":\"https:\\\/\\\/etsmanceau.fr\\\/#\\\/schema\\\/logo\\\/image\\\/\",\"url\":\"http:\\\/\\\/etsmanceau.fr\\\/wp-content\\\/uploads\\\/2021\\\/06\\\/cropped-LOGO-ETS-MANCEAU-2.png\",\"contentUrl\":\"http:\\\/\\\/etsmanceau.fr\\\/wp-content\\\/uploads\\\/2021\\\/06\\\/cropped-LOGO-ETS-MANCEAU-2.png\",\"width\":798,\"height\":378,\"caption\":\"Ets Manceau\"},\"image\":{\"@id\":\"https:\\\/\\\/etsmanceau.fr\\\/#\\\/schema\\\/logo\\\/image\\\/\"}}]}<\/script>\n<!-- \/ Yoast SEO plugin. -->","yoast_head_json":{"title":"Organisation | ETS Manceau","robots":{"index":"index","follow":"follow","max-snippet":"max-snippet:-1","max-image-preview":"max-image-preview:large","max-video-preview":"max-video-preview:-1"},"canonical":"https:\/\/etsmanceau.fr\/?page_id=803","og_locale":"fr_FR","og_type":"article","og_title":"Organisation | ETS Manceau","og_description":"Organisation La marchandise est stock\u00e9e sous temp\u00e9rature contr\u00f4l\u00e9e dans notre entrep\u00f4t comprenant 2 chambres froides dont une de m\u00fbrissement. Nos installations r\u00e9pondent aux normes les plus strictes en mati\u00e8re de technologie pour une maturation de fruits maitris\u00e9e. ETS Manceau vous propose un service de livraison gr\u00e2ce \u00e0 sa propre flotte (poids lourds, fourgons,&#8230;) \u00e0 Cholet [&hellip;]","og_url":"https:\/\/etsmanceau.fr\/?page_id=803","og_site_name":"ETS Manceau","article_modified_time":"2024-06-19T12:58:31+00:00","twitter_card":"summary_large_image","twitter_misc":{"Dur\u00e9e de lecture estim\u00e9e":"1 minute"},"schema":{"@context":"https:\/\/schema.org","@graph":[{"@type":"WebPage","@id":"https:\/\/etsmanceau.fr\/?page_id=803","url":"https:\/\/etsmanceau.fr\/?page_id=803","name":"Organisation | ETS Manceau","isPartOf":{"@id":"https:\/\/etsmanceau.fr\/#website"},"datePublished":"2021-06-23T09:06:33+00:00","dateModified":"2024-06-19T12:58:31+00:00","breadcrumb":{"@id":"https:\/\/etsmanceau.fr\/?page_id=803#breadcrumb"},"inLanguage":"fr-FR","potentialAction":[{"@type":"ReadAction","target":["https:\/\/etsmanceau.fr\/?page_id=803"]}]},{"@type":"BreadcrumbList","@id":"https:\/\/etsmanceau.fr\/?page_id=803#breadcrumb","itemListElement":[{"@type":"ListItem","position":1,"name":"Accueil","item":"https:\/\/etsmanceau.fr\/"},{"@type":"ListItem","position":2,"name":"Organisation"}]},{"@type":"WebSite","@id":"https:\/\/etsmanceau.fr\/#website","url":"https:\/\/etsmanceau.fr\/","name":"Ets Manceau","description":"Votre partenaire en fraicheur et qualit\u00e9.","publisher":{"@id":"https:\/\/etsmanceau.fr\/#organization"},"potentialAction":[{"@type":"SearchAction","target":{"@type":"EntryPoint","urlTemplate":"https:\/\/etsmanceau.fr\/?s={search_term_string}"},"query-input":{"@type":"PropertyValueSpecification","valueRequired":true,"valueName":"search_term_string"}}],"inLanguage":"fr-FR"},{"@type":"Organization","@id":"https:\/\/etsmanceau.fr\/#organization","name":"Ets Manceau","url":"https:\/\/etsmanceau.fr\/","logo":{"@type":"ImageObject","inLanguage":"fr-FR","@id":"https:\/\/etsmanceau.fr\/#\/schema\/logo\/image\/","url":"http:\/\/etsmanceau.fr\/wp-content\/uploads\/2021\/06\/cropped-LOGO-ETS-MANCEAU-2.png","contentUrl":"http:\/\/etsmanceau.fr\/wp-content\/uploads\/2021\/06\/cropped-LOGO-ETS-MANCEAU-2.png","width":798,"height":378,"caption":"Ets Manceau"},"image":{"@id":"https:\/\/etsmanceau.fr\/#\/schema\/logo\/image\/"}}]}},"_links":{"self":[{"href":"https:\/\/etsmanceau.fr\/index.php?rest_route=\/wp\/v2\/pages\/803","targetHints":{"allow":["GET"]}}],"collection":[{"href":"https:\/\/etsmanceau.fr\/index.php?rest_route=\/wp\/v2\/pages"}],"about":[{"href":"https:\/\/etsmanceau.fr\/index.php?rest_route=\/wp\/v2\/types\/page"}],"author":[{"embeddable":true,"href":"https:\/\/etsmanceau.fr\/index.php?rest_route=\/wp\/v2\/users\/1"}],"replies":[{"embeddable":true,"href":"https:\/\/etsmanceau.fr\/index.php?rest_route=%2Fwp%2Fv2%2Fcomments&post=803"}],"version-history":[{"count":152,"href":"https:\/\/etsmanceau.fr\/index.php?rest_route=\/wp\/v2\/pages\/803\/revisions"}],"predecessor-version":[{"id":1500,"href":"https:\/\/etsmanceau.fr\/index.php?rest_route=\/wp\/v2\/pages\/803\/revisions\/1500"}],"wp:attachment":[{"href":"https:\/\/etsmanceau.fr\/index.php?rest_route=%2Fwp%2Fv2%2Fmedia&parent=803"}],"curies":[{"name":"wp","href":"https:\/\/api.w.org\/{rel}","templated":true}]}}